619 is divided by 2225.
44
Calculate the remainder when 10777 is divided by 389.
274
What is the remainder when 1320574 is divided by 16930?
34
What is the remainder when 859819 is divided by 684?
31
Calculate the remainder when 11397496 is divided by 663.
526
What is the remainder when 1133932257 is divided by 121?
117
What is the remainder when 1355224 is divided by 1877?
30
What is the remainder when 1803253 is divided by 198?
67
What is the remainder when 15155975 is divided by 23425?
0
Calculate the remainder when 702923 is divided by 12.
11
Calculate the remainder when 15317207 is divided by 9161.
15
Calculate the remainder when 1082094 is divided by 238.
146
Calculate the remainder when 2406508 is divided by 825.
808
Calculate the remainder when 28001857 is divided by 3111316.
13
What is the remainder when 222051 is divided by 15397?
6493
Calculate the remainder when 205586 is divided by 102775.
36
What is the remainder when 12687765 is divided by 70?
55
What is the remainder when 29692 is divided by 3288?
100
What is the remainder when 1641188 is divided by 19773?
29
Calculate the remainder when 92460 is divided by 999.
552
What is the remainder when 19043235 is divided by 2666?
2663
Calculate the remainder when 7361737 is divided by 77.
75
Calculate the remainder when 1580747 is divided by 3912.
299
Calculate the remainder when 135323 is divided by 33811.
79
What is the remainder when 474780 is divided by 94948?
40
What is the remainder when 880385 is divided by 260?
25
Calculate the remainder when 19344760 is divided by 44166.
52
Calculate the remainder when 5250363 is divided by 323.
321
What is the remainder when 327794 is divided by 7272?
554
Calculate the remainder when 3618223 is divided by 117.
115
Calculate the remainder when 20133 is divided by 112.
85
Calculate the remainder when 1047796709 is divided by 37.
36
What is the remainder when 343638 is divided by 7199?
5285
Calculate the remainder when 12517 is divided by 1297.
844
Calculate the remainder when 367492 is divided by 1766.
164
Calculate the remainder when 2746879 is divided by 203.
86
What is the remainder when 34698 is divided by 2463?
216
What is the remainder when 763897597 is divided by 50?
47
What is the remainder when 32993174 is divided by 565?
564
Calculate the remainder when 45428291 is divided by 1092.
1091
What is the remainder when 209442 is divided by 677?
249
Calculate the remainder when 32627 is divided by 103.
79
Calculate the remainder when 643392957 is divided by 7145.
7142
What is the remainder when 22267452 is divided by 589?
307
Calculate the remainder when 5154843 is divided by 1312.
1307
Calculate the remainder when 2824515 is divided by 8047.
18
What is the remainder when 9130518 is divided by 1141307?
62
What is the remainder when 2508268 is divided by 118?
60
What is the remainder when 13047599 is divided by 249?
248
What is the remainder when 112380 is divided by 262?
244
What is the remainder when 476559 is divided by 1299?
1125
Calculate the remainder when 86130747 is divided by 108477.
9
Calculate the remainder when 51370 is divided by 9231.
5215
Calculate the remainder when 4254989 is divided by 125.
114
What is the remainder when 7589490 is divided by 843270?
60
What is the remainder when 114105 is divided by 3609?
2226
Calculate the remainder when 10346 is divided by 7845.
2501
Calculate the remainder when 3701780 is divided by 94917.
17
What is the remainder when 21030633 is divided by 3?
0
Calculate the remainder when 178495 is divided by 177902.
593
What is the remainder when 904963 is divided by 136?
19
What is the remainder when 5518 is divided by 2896?
2622
Calculate the remainder when 5717879 is divided by 78.
11
What is the remainder when 13503716 is divided by 9?
8
Calculate the remainder when 12637848 is divided by 6521.
150
Calculate the remainder when 2154433 is divided by 21539.
533
Calculate the remainder when 155719 is divided by 8.
7
What is the remainder when 2999444 is divided by 791?
763
What is the remainder when 53910 is divided by 51600?
2310
Calculate the remainder when 37976 is divided by 767.
393
Calculate the remainder when 519921 is divided by 519913.
8
Calculate the remainder when 51746543 is divided by 4.
3
What is the remainder when 2243846 is divided by 3882?
50
What is the remainder when 587704486 is divided by 3749?
3748
Calculate the remainder when 2829721 is divided by 1090.
81
What is the remainder when 3666219 is divided by 3666164?
55
Calculate the remainder when 137200998 is divided by 54.
12
What is the remainder when 183089 is divided by 705?
494
Calculate the remainder when 402308 is divided by 1341.
8
Calculate the remainder when 10151491 is divided by 348.
331
What is the remainder when 1150066 is divided by 312?
34
Calculate the remainder when 93399 is divided by 93233.
166
Calculate the remainder when 7389527 is divided by 401.
300
What is the remainder when 42707289 is divided by 377?
352
Calculate the remainder when 361858 is divided by 6267.
4639
Calculate the remainder when 3172194 is divided by 81.
72
Calculate the remainder when 718177 is divided by 2556.
2497
Calculate the remainder when 73953523 is divided by 268.
263
Calculate the remainder when 3355552 is divided by 838887.
4
What is the remainder when 2115108 is divided by 1057542?
24
What is the remainder when 143140136 is divided by 130?
126
Calculate the remainder when 17912 is divided by 8894.
124
What is the remainder when 22447766 is divided by 6232?
102
What is the remainder when 99730144 is divided by 4996?
4988
What is the remainder when 2948493 is divided by 737095?
113
What is the remainder when 1092180 is divided by 685?
290
What is the remainder when 3771618 is divided by 1885758?
102
Calculate the remainder when 549449 is divided by 5239.
4593
Calculate the remainder when 3104 is divided by 324.
188
What is the remainder when 192181933 is divided by 415?
413
Calculate the remainder when 15071814 is divided by 5023935.
9
What is the remainder when 10918542 is divided by 65380?
82
Calculate the remainder when 23778 is divided by 1124.
174
What is the remainder when 270343 is divided by 67575?
43
Calculate the remainder when 72315454 is divided by 4.
2
What is the remainder when 79845784 is divided by 1721?
1710
What is the remainder when 445335 is divided by 10688?
7127
Calculate the remainder when 339323 is divided by 84775.
223
Calculate the remainder when 12220283 is divided by 64.
59
What is the remainder when 867147 is divided by 615?
612
What is the remainder when 315910 is divided by 148?
78
Calculate the remainder when 252899 is divided by 2689.
133
Calculate the remainder when 1300907 is divided by 70.
27
What is the remainder when 17246324 is divided by 2155786?
36
Calculate the remainder when 42835 is divided by 8350.
1085
Calculate the remainder when 438913425 is divided by 12.
9
Calculate the remainder when 7821594 is divided by 334.
316
Calculate the remainder when 26202 is divided by 55.
22
What is the remainder when 279381 is divided by 6053?
943
What is the remainder when 8919317 is divided by 588?
533
Calculate the remainder when 600336 is divided by 7648.
3792
Calculate the remainder when 203729 is divided by 3838.
315
Calculate the remainder when 189222 is divided by 1278.
78
Calculate the remainder when 14445109 is divided by 2309.
5
What is the remainder when 159773763 is divided by 130?
123
What is the remainder when 990113 is divided by 595?
33
Calculate the remainder when 79409 is divided by 79336.
73
Calculate the remainder when 1145437 is divided by 1111.
1107
What is the remainder when 25176829 is divided by 38?
5
Calculate the remainder when 167180 is divided by 15158.
442
What is the remainder when 605779 is divided by 228?
211
What is the remainder when 2505257 is divided by 73?
43
What is the remainder when 235761548 is divided by 905?
903
Calculate the remainder when 20320559 is divided by 312.
311
Calculate the remainder when 27256780 is divided by 2502.
2494
What is the remainder when 10527727 is divided by 2769?
2758
Calculate the remainder when 125682 is divided by 30489.
3726
What is the remainder when 329315743 is divided by 5?
3
What is the remainder when 2818581 is divid